1). Calculate the greatest common divisor of n and l.
21
Suppose 2*v + 91 + 45 = 0. Let y = v + 80. What is the highest common factor of y and 32?
4
Let t = 1391 + -914. Calculate the highest common divisor of t and 9.
9
Suppose -8 - 6 = -4*l - y, -5*l + 4*y = -7. Let q be 2/l - (-230)/6. Let o be -258*4/(-40) + (-1)/(-5). What is the greatest common divisor of o and q?
13
Let i = -11 + 10. Let o(j) = -1 - 49*j + 13*j + 22*j - 1. Let g be o(i). What is the greatest common divisor of 108 and g?
12
Let z(l) = -16*l**2 + 10*l - 7. Let g(i) = 5*i**2 - 3*i + 2. Let f(b) = 7*g(b) + 2*z(b). Let s be f(-3). Calculate the highest common factor of s and 50.
10
Suppose -18*m - 1392 = -66*m. Calculate the greatest common factor of 725 and m.
29
Suppose 2*s = -v - 2 + 28, -4*v = s - 6. Let d(q) = -q**3 + 15*q**2 - 11*q - 34. Let x be d(s). Calculate the greatest common factor of 88 and x.
8
Let q be ((-225)/(-6))/((-6)/(-24) - 0). Calculate the greatest common factor of q and 50.
50
Let z = 530 - -79. Calculate the greatest common divisor of z and 7.
7
Let p(h) = h**3 - 8*h**2 + 3*h - 5. Let b = 6 - -2. Let u be p(b). Calculate the greatest common factor of 95 and u.
19
Let s be 12*(8/4 + -1). Let p be 14 - s/4 - 3. Suppose 0*r + 6 = 3*r. What is the highest common factor of p and r?
2
Let p be (-112)/16*10/(-7). What is the greatest common divisor of 410 and p?
10
Suppose -2*w + b + 40 = 0, -24 = -4*w + 5*b + 44. Let g(t) = t**2 - 5*t - 2. Let x be g(6). Suppose 3*m = w - x. What is the highest common factor of 30 and m?
6
Let l be (-4)/6*105/(-14). Let s be l - ((10 - 3) + -4). Suppose -5*i = -s*n + 26, -7 = 4*n - n + 4*i. What is the highest common factor of 21 and n?
3
Let q(z) = z**3 - 5*z**2 + 8*z - 12. Let i be q(4). Suppose 4*p - 59 = 53. What is the greatest common divisor of i and p?
4
Let o = 35 + 5. Suppose -45*x + 550 = -o*x. What is the greatest common factor of x and 66?
22
Suppose 3*j + 2*a - 110 = 4*a, -4*a = -4*j + 140. Calculate the highest common factor of j and 25.
5
Let r = 4 - 9. Let u be (-2)/(-10) - 69/r. What is the greatest common divisor of 154 and u?
14
Suppose 192*o - 54 = 189*o. What is the greatest common factor of 72 and o?
18
Let c(z) = 10*z**2 - 3*z + 2. Let f be c(2). What is the greatest common factor of f and 48?
12
Suppose -3*l = 64*l - 254533. Calculate the greatest common factor of l and 29.
29
Suppose -q = 4*j - 195, 0 = -j + q + 38 + 7. Calculate the greatest common factor of j and 1128.
24
Let d(w) = -10*w + 81. Let p be d(8). What is the highest common divisor of 59 and p?
1
Let y(i) = i**3 + 4*i**2 - i - 2. Let d be y(-4). Let w be (-3)/(0 - (-3)/d). Let v be (1/w)/(6/(-480)). Calculate the highest common divisor of 5 and v.
5
Let r = 130 - -126. Suppose -96 = -2*b - d, 5*b + 4*d - r = -22. Calculate the highest common divisor of 10 and b.
10
Let h = 88 - 97. Let q(c) = -2*c**3 - 15*c**2 + 11*c - 9. Let f be q(h). What is the greatest common factor of f and 15?
15
Let t(j) = 2*j + 10. Suppose -2*g - 5*d + 38 = 0, 0 = -3*d - 0*d. Let k be t(g). Calculate the greatest common divisor of k and 32.
16
Let d = -21 + -31. Suppose -262 = 5*n + 163. Let w = d - n. Calculate the greatest common factor of w and 11.
11
Suppose 13*j - 11*j = 2*q - 214, -2*q + 3*j + 216 = 0. Calculate the greatest common divisor of 42 and q.
21
Let n be 72/(-180) + (-357)/(-5). Calculate the highest common divisor of n and 426.
71
Let y(b) = b + 5. Let z be y(-1). Let i be ((-8)/10)/2*-5. Let p = i + 2. Calculate the greatest common divisor of p and z.
4
Let s = 1454 - 1259. Calculate the greatest common divisor of s and 429.
39
Suppose -2*h - 3*h - 3*v + 3309 = 0, 0 = -4*h + v + 2654. Calculate the highest common factor of 51 and h.
51
Let j(x) = -x**2 - 2*x - 8. Let t be j(-5). Let b = t - -163. Calculate the highest common factor of b and 35.
35
Suppose -4*f + 0*f + 576 = 0. Let q(n) = -n**2 - 28*n - 3. Let u be q(-25). Suppose 95*k - u = 92*k. What is the greatest common divisor of f and k?
24
Let o(p) be the third derivative of p**6/120 + p**5/10 + p**4/12 + p**3 + 3*p**2. Let m be o(-4). What is the highest common divisor of m and 45?
15
Let c(v) = -v**2 - 16*v + 11. Let k be c(-16). Let s = -39 + 72. Calculate the greatest common factor of k and s.
11
Let d(y) = -y**3 + 10*y**2 + 17*y - 6. Let r be d(11). Let v be (-99)/(-27) + (-2)/(-6). Let u be 13 - (v/2)/2. Calculate the highest common factor of r and u.
12
Let r = -337 + 354. Calculate the highest common divisor of r and 136.
17
Let c(u) = 112*u - 648. Let h be c(6). What is the highest common divisor of h and 27?
3
Let l(c) = -162*c**3 - 7*c**2 - 6*c. Let v be l(-1). Calculate the greatest common divisor of 115 and v.
23
Let d be -1*(10/60)/((-2)/(-12)). Let r be d/(1*2*(-4)/56). What is the highest common divisor of 7 and r?
7
Let q = -679 - -769. What is the greatest common divisor of 27 and q?
9
Let v(q) = -11*q**3 - 2*q**2 + q + 1. Let a be v(1). Let i = 17 + a. What is the greatest common divisor of 9 and i?
3
Suppose 2*m + o - 58 = 0, m + 5*o + 3 = 14. Calculate the greatest common factor of m and 341.
31
Suppose -3*h + 1056 = 9*h. Let p(o) = -o**3 + 3*o**2 + 5*o - 4. Let l be p(3). What is the highest common factor of h and l?
11
Let g be 1 + -4 + (-6)/(-2). Let s = 9 - g. Calculate the greatest common factor of s and 6.
3
Suppose -2*t + 6 = -32. Let h = t - 3. Suppose -y = 4 - h. What is the greatest common divisor of y and 48?
12
Let c = -2330 + 2370. Suppose t + 2*t - 4*n - 40 = 0, 5*t = n + 44. What is the greatest common divisor of c and t?
8
Let j be (-62)/93 + (-2440)/(-6). Calculate the highest common factor of 14 and j.
14
Let n(z) = -2*z**2 + 4*z + 166. Let y be n(-8). Calculate the highest common factor of y and 40.
2
Let a be (-1 + (-32)/(-20))*-5. Let k be -1 + 356/(-12)*a. Suppose 0 = 7*x - 3*x - 44. What is the greatest common divisor of k and x?
11
Let k(y) = -y**2. Let w(h) = -h**3 + 2*h**2 + h + 2. Let o(s) = -6*k(s) + w(s). Let j be o(8). Let i = 2 + 2. What is the greatest common factor of j and i?
2
Let l be (-8)/(-8) + (2 - 1). Suppose -l*n + 12 = -54. Suppose 0 = -3*x - 3*v + 78, 3*v = x - 0*v - 10. What is the highest common factor of n and x?
11
Suppose j - 5*l - 425 - 406 = 0, -2*l = j - 866. Calculate the highest common factor of 107 and j.
107
Let u = 278 - 275. Calculate the greatest common factor of 21 and u.
3
Let u(v) = 19*v**2 + 4*v - 4. Let s(d) = -3*d + 3. Let k be s(9). Let m be (-84)/k*8/14. Let o be u(m). Calculate the greatest common factor of o and 8.
8
Let l = -2 + 4. Suppose -l*j + 4*j = 0. Suppose j*z + 27 = 3*z. Calculate the greatest common divisor of 1 and z.
1
Let m be 13/5 + 18/45. Suppose 5*p - 48 = -m. Let h = -6 - -12. Calculate the greatest common factor of h and p.
3
Suppose 4*s = 39 + 201. Suppose 5*y - 73 = 27. Suppose -10 = -2*c - 3*t + 20, -2*c + 2*t + y = 0. Calculate the greatest common factor of c and s.
12
Let k(z) = 9*z - 21. Let r be k(16). Calculate the highest common divisor of 3 and r.
3
Suppose 6*g + 27 = 231. What is the greatest common divisor of g and 255?
17
Let v be -3 + 16 + -3 - 1. Suppose -3*d + 681 - v = 0. Suppose 3*s + d = 4*c, 0*c - c + 3*s = -56. Calculate the highest common divisor of 8 and c.
8
Suppose 44 - 16 = 7*i. Suppose i*p + 3*z - 74 = 0, 8*p - 5*p - 49 = z. What is the highest common divisor of 51 and p?
17
Let i(j) = 7*j**2 + 6. Let v be i(3). Calculate the highest common factor of v and 46.
23
Let g(h) = h**2 + 34*h + 156. Let a be g(-30). What is the highest common divisor of 63 and a?
9
Let o(u) = -u**2 + 8*u - 6. Suppose 7 + 3 = 2*f. Let r be o(f). Let k = r + -3. Calculate the greatest common divisor of k and 6.
6
Let o be (54/(-4))/(99/(-858)). Calculate the greatest common divisor of o and 13.
13
Suppose -6*t = -7*t - 58. Let b = -52 - t. Suppose -3*y + 8 = 3*x - 25, y - 35 = 5*x. What is the highest common factor of y and b?
3
Suppose 8*g + 28 = 1708. Suppose g = 4*l + 54. Calculate the greatest common divisor of l and 3.
3
Suppose -4*c = 5*a - 108, -c + 7*a + 27 = 2*a. Suppose 6*t = 3*t + c. What is the greatest common factor of t and 9?
9
Let w = -58 + 85. Suppose -4*l + 4*r = -96, 2*l - 4*l = -5*r - 42. Suppose 29*b - l*b - 27 = 0. Calculate the greatest common factor